 - 27. What are the prime factors of b(1)?
3, 11, 541
Let f(w) = -2*w**3 - 2*w**2 + 2. Let m(g) = 3*g - 7. Let c be m(-11). Let n = -44 - c. What are the prime factors of f(n)?
2, 7
Suppose -114*x = 73340 - 284126. What are the prime factors of x?
43
Let r(d) = 2*d**2 + 7*d - 23. Let k(q) = 6*q**2 + 5*q - 3. Let o be k(1). List the prime factors of r(o).
7, 23
Let c = 16 - 13. Suppose 96 = -w + 3*w - c*l, 0 = -2*w - 5*l + 80. List the prime factors of w.
3, 5
Suppose 4*c - 2*z = 10, 6*z = 5*c + z - 15. Suppose -c*g = t - 992, t - 4*g = -3*g + 992. List the prime factors of t.
2, 31
Suppose -12*u + 19900 = -t, -u - 4*t + 1785 = 143. What are the prime factors of u?
2, 829
Suppose -3190 - 2602 = -8*c. Suppose 8*j + c - 5068 = 0. What are the prime factors of j?
3, 181
What are the prime factors of 8/((-120)/45) + (4 + -237574)/(-3)?
79187
Suppose 7062*x + 765900 = 7080*x. What are the prime factors of x?
2, 5, 23, 37
What are the prime factors of (5402 - (14 - 31))*6?
2, 3, 5419
Suppose 11*l + 11*l - 39710 = 0. What are the prime factors of l?
5, 19
Suppose w - 7 - 7 = 0. Let g(z) = -z**2 - z + 1. Let o(p) = -p**3 + 9*p**2 - 26*p + 5. Let t(n) = 6*g(n) - o(n). List the prime factors of t(w).
5, 17
Let g = 13822 + -856. List the prime factors of g.
2, 3, 2161
Suppose -4*t - 23 + 79 = 0. Let a be ((-4)/(-8) + 0)*t. Let o(y) = 2*y**3 - 13*y**2 + y + 7. List the prime factors of o(a).
3, 7
Let g(s) = -840*s**3 - 15*s**2 - 17*s - 38. What are the prime factors of g(-3)?
2, 11279
Suppose 0 = 4*o + 5*o - 801. Let p = o - 78. Suppose -7*x = -p*x + 976. What are the prime factors of x?
2, 61
Let y(i) = 10*i - 6. Let a be y(1). Suppose 0 = -a*j - 34*s + 36*s + 438, 5*j - 549 = s. List the prime factors of j.
2, 5, 11
Let l(x) = 23*x**2 - 9*x - 19. Let w be l(-3). Let h = 11 + w. List the prime factors of h.
2, 113
Suppose -2*t - 29*m + 16*m + 26895 = 0, 54006 = 4*t + 2*m. What are the prime factors of t?
2, 3, 2251
Suppose -4*h = -6*h + 246. Suppose -16*n + 6253 = -3*n. Suppose -2*j = -4*p - h + n, -2*p - 3*j = -175. What are the prime factors of p?
89
Suppose 3*o = 0, 2*j - 6*o - 154 = -3*o. Let s = -55 + j. Suppose f + s = 2*f. What are the prime factors of f?
2, 11
Suppose -2*x = 9 - 11. Let g(j) = -38*j + 1. Let m be g(x). Let t = m + 40. What are the prime factors of t?
3
Suppose -3*o + 5*d = -25535, -o - 10*d + 6*d = -8489. What are the prime factors of o?
3, 5, 7
Let y = 117 + -21. Suppose 0 = -35*k + k - 5*k - 1404. Let c = k + y. List the prime factors of c.
2, 3, 5
Let y(n) be the first derivative of 25*n**2/2 + 2*n - 9. Let l be y(2). Suppose -v = -31 - l. What are the prime factors of v?
83
Let z(t) = t**3 + 11*t**2 - 11*t + 14. Let l be z(-12). Suppose -n = -l*n + 88. Suppose -161 - n = -h. What are the prime factors of h?
3, 83
Let a(s) = s**3 - 4*s**2 - 11*s - 3. Suppose -5*u - 5 = -5*o, -3 = -4*o + 1. Suppose 0 = -2*n + 10, 4*z - n + u*n - 23 = 0. What are the prime factors of a(z)?
67
Let n(p) = 57*p + 2536. List the prime factors of n(-12).
2, 463
Suppose 0 = 4*o + 13*o + 187. What are the prime factors of (-3)/(-9)*o*-3?
11
Suppose -73 = 4*n + 15. Let d be ((1 - 5) + 11)/(1/n). Let w = 38 - d. List the prime factors of w.
2, 3
Suppose 2*z + 8820 = p, 11*p - 12*z = -14*z + 96924. List the prime factors of p.
2, 2203
Suppose 1400859 - 137130 = 427*k - 791849. What are the prime factors of k?
2, 29, 83
Let s(r) = 28*r**2 - 10*r - 28. Let l be s(-7). Suppose 25*n - l = 3811. What are the prime factors of n?
11, 19
Suppose 5*x + 0*v - 7614 = -2*v, -2*x + 3060 = -4*v. Suppose -35*u - x = -4394. What are the prime factors of u?
2, 41
Suppose 5200 = 5*n + 1465. Suppose n = 26*q - 397. List the prime factors of q.
2, 11
Suppose 2*a + 4*a - 24 = 0. Suppose 3*o - 2*o - a*k = 8, -3*k - 6 = -4*o. Suppose o = -18*p + 19*p - 86. List the prime factors of p.
2, 43
Let g = -38 - -45. Let c(a) = 2*a**3 - 8*a**2 - 2*a + 13. Let i be c(g). Let r = -209 + i. List the prime factors of r.
2, 3, 7
Let v(g) be the second derivative of 21*g**3/2 - 37*g**2/2 + 36*g + 2. What are the prime factors of v(7)?
2, 101
Suppose -55*t = -311869 - 2960851. List the prime factors of t.
2, 3719
Suppose -9 = 6*u - 753. Suppose -u = -10*x + 76. List the prime factors of x.
2, 5
Suppose 5*d + 1 = 3*u + 46, -3*d + 43 = -5*u. Suppose 5*k - 50 = -r, 2*k + r - 26 + d = 0. Suppose k*p - 6*p = 364. List the prime factors of p.
7, 13
Let t(y) = -y + 7. Let c be (-4 + (-25)/(-7))*(-4 + -3). Let n(a) = a - 7. Let g(l) = c*n(l) + 4*t(l). List the prime factors of g(-4).
11
Let l = -10 + 201. Let y = -185 + l. What are the prime factors of y?
2, 3
Let w(f) = -f**3 - 20*f**2 - 5*f - 26. Let g(n) = n**2 + 17*n - 6. Let i be g(-18). Suppose 8*q = i*q + 80. What are the prime factors of w(q)?
2, 37
Suppose 38*k - 35*k = 21. Suppose 0 = -k*o + 2085 - 6. What are the prime factors of o?
3, 11
Let v(p) = -2*p**3 - 6*p**2 + 8*p - 8. Let j be (-2)/(-15) - 428/60. List the prime factors of v(j).
2, 41
Suppose -4*v = 3*d - 6, -20 = 4*v - d - 18. Suppose h = 4*u - 1859, v = -5*u + 22*h - 21*h + 2324. List the prime factors of u.
3, 5, 31
Let t be (3 + 0)/((-8)/(-6) - 1). Let p(x) = -4 - 3*x + 4*x - 6*x**2 + t*x**2 + 16*x**3 + 2*x**3. What are the prime factors of p(2)?
2, 7, 11
Let m be 2 - 4 - 2 - (-6 + -2). Suppose -p + m*p = -6*p. Suppose -3*w + 73 + 5 = p. List the prime factors of w.
2, 13
Let y(b) = -785*b - 1870. List the prime factors of y(-13).
5, 1667
Let i = 1376 + -1374. Let v(t) = 8*t**2 + t - 9. Let d(p) = -4*p**2 + 5. Let m(s) = 5*d(s) + 3*v(s). List the prime factors of m(i).
2, 5
Suppose -5*u - 2060 = -5*l, 4*u - 112 = -2*l - 1760. What are the prime factors of (30/(-20))/(6/u)?
103
Let w(r) = -3*r - 12. Let x be w(-5). Suppose -x*z = 4*z. Suppose z = -4*k + 28 - 12. List the prime factors of k.
2
Let p = -2648 + 5523. What are the prime factors of p?
5, 23
Let c be 6 + (4 - (1 + 4 + -2)). Suppose -c*x = -6*x - 316. List the prime factors of x.
2, 79
Let m = 12 - -15. Let q be -1 + 17355/m - (-2)/9. What are the prime factors of q/27 + (-4)/(-18)?
2, 3
Suppose 31*j = -34*j + 72*j - 64876. List the prime factors of j.
2, 7, 331
Suppose 10 = 22*d - 20*d. Suppose -d = 5*l, 4*w = -4*l + 383 - 115. What are the prime factors of (15/4 - 4)*-11*w?
11, 17
Let c(m) = 8*m - 1. Let i be c(1). Let g(z) = -z**3 - i + 0*z - 9*z**2 + z + 18 - 12*z. List the prime factors of g(-10).
13, 17
Suppose -18 = 9*x - 7*x. Let v(s) = 4*s**2 - 5 - s**3 + 12*s - 7*s**2 - 3*s**2. List the prime factors of v(x).
2, 5, 13
Let h = 48 - 139. Let w = 295 + h. List the prime factors of w.
2, 3, 17
Suppose -14 = -4*g + k + 2*k, 0 = 4*k + 8. Suppose 3*j = 7*j + 3*l - 18, -g*j = 3*l - 6. Suppose -j*t - 42 = -9*t. What are the prime factors of t?
2, 7
Suppose 13*c - 30371 - 44275 = 0. List the prime factors of c.
2, 3, 11, 29
List the prime factors of 153/459 - 408004/(-6).
3, 19, 1193
Let l = -6981 + 7517. What are the prime factors of l?
2, 67
Suppose -2*d + 16 = h, -2*h + 2*d - 28 = -5*h. Let f be 346/h - (-10)/30. Suppose 0 = 5*x - 433 + f. What are the prime factors of x?
3, 5
Let l = 183 - 178. Suppose -l*p - 4*b + 1582 = 330, 4*p - b = 1010. List the prime factors of p.
2, 3, 7
Let y be 1983 - -3 - ((-1)/1 + 3). Suppose -2*g + 1002 = -12*j + 9*j, 0 = -4*g + j + y. List the prime factors of (13/2)/(-3 + g/162).
3, 13
Let r(a) = 4*a**3 - 3*a**2 - 6*a + 25. Let l be r(3). What are the prime factors of l/66*1866/4?
2, 311
Let p(d) = 4*d**3 - 26 - 9*d**2 + 5*d**2 + 10*d - 2*d**2 - 5*d**3. List the prime factors of p(-9).
127
Suppose -9*h + 7 = -2*h. Let z(g) = -217*g**2 - 4*g - 3. Let d(o) = 108*o**2 + 2*o + 1. Let c(f) = 7*d(f) + 3*z(f). What are the prime factors of c(h)?
3, 5, 7
Suppose 5*m + 3120 = 4*i + 6*m, -4*i - 5*m = -3120. List the prime factors of ((-4 - -5) + i/16)*4.
199
Suppose 0 = 14*d - 15*d - 88. Let x = d - -93. Suppose -x*z + 104 = -z. List the prime factors of z.
2, 13
Let b(k) = 1624*k - 80. Let a be b(-7). List the prime factors of a/(-63) + 6/21.
2, 7, 13
Suppose 0 = 3180*w - 3181*w + 15120. List the prime factors of w.
2, 3, 5, 7
Suppose 0 = 2*l + 4*v - 1470, 46*v = 41*v - 25. Let i be 2794/10 - 6/15. Suppose -i = -8*z + l. What are the prime factors of z?
2
What are the prime factors of 1/